10, what is -30 + -5?
-35
In base 8, what is 5616 - 0?
5616
In base 8, what is -3 - 5036?
-5041
In base 11, what is -3 + -65?
-68
In base 10, what is 141 + -7?
134
In base 14, what is 4 - 121?
-11b
In base 16, what is -a3 - 21?
-c4
In base 7, what is 3 - 1052?
-1046
In base 13, what is -11c + -2?
-121
In base 6, what is 0 - 4?
-4
In base 4, what is 230323 - -2?
230331
In base 12, what is -3 - -734?
731
In base 2, what is -1110111011 + 10?
-1110111001
In base 12, what is 107a + -2?
1078
In base 9, what is 0 - 265?
-265
In base 8, what is 6 + 41?
47
In base 2, what is 101000 + 10110?
111110
In base 11, what is -65 + -21?
-86
In base 9, what is 4 - 2048?
-2044
In base 11, what is 0 - -110?
110
In base 5, what is 3 - -124?
132
In base 15, what is c + -b?
1
In base 3, what is 112111 + 211?
120022
In base 12, what is -b + b?
0
In base 10, what is 2506 + -1?
2505
In base 2, what is -111001111011000 + -1?
-111001111011001
In base 8, what is 10 + -4?
4
In base 4, what is 1113 - -122?
1301
In base 3, what is 2 - 21000000?
-20222221
In base 6, what is -120 + 15?
-101
In base 2, what is 10001101011 + -11?
10001101000
In base 15, what is 6 - -199?
1a0
In base 14, what is 4 + -55?
-51
In base 6, what is 2 - -3553?
3555
In base 15, what is -2b + 5?
-26
In base 11, what is 9a - 4?
96
In base 3, what is -2111022 - -12?
-2111010
In base 14, what is -64 - -3?
-61
In base 5, what is 34003 - 10?
33443
In base 4, what is -3 + 2002300?
2002231
In base 5, what is -3 - -112?
104
In base 4, what is 2 - 1223?
-1221
In base 14, what is -250 - -13?
-23b
In base 4, what is 111 + -1023?
-312
In base 15, what is 3 + 1da?
1dd
In base 8, what is -144 - 4?
-150
In base 13, what is 0 - -1?
1
In base 8, what is -10 - 2435?
-2445
In base 11, what is 1 + -739?
-738
In base 13, what is -82 + -28?
-aa
In base 15, what is d59 - -5?
d5e
In base 2, what is 11110 + -10010100?
-1110110
In base 2, what is -10 + -1100?
-1110
In base 7, what is -222 + 0?
-222
In base 10, what is 3 - -669?
672
In base 9, what is 3 + 257?
261
In base 16, what is -335f + -4?
-3363
In base 16, what is 0 - -1c90?
1c90
In base 2, what is 100 + 1100010?
1100110
In base 15, what is -1 - 7b?
-7c
In base 5, what is 14323 - 4?
14314
In base 11, what is 1 - 28a?
-289
In base 15, what is 4b - -2a?
76
In base 2, what is 101111 - -1101?
111100
In base 5, what is 2 - -43?
100
In base 2, what is -101011100 + 1000?
-101010100
In base 7, what is -423 - 2?
-425
In base 2, what is 101100011001 - 100?
101100010101
In base 6, what is 3 + -24?
-21
In base 12, what is 7 - 1223?
-1218
In base 4, what is -100020 + -2?
-100022
In base 5, what is -1330 + 1231?
-44
In base 3, what is -10001 + -1021?
-11022
In base 10, what is 5 + -615?
-610
In base 7, what is 0 + 1425?
1425
In base 2, what is 101000 - 100001?
111
In base 2, what is -101010 + -1001000?
-1110010
In base 8, what is 1 - -146?
147
In base 15, what is 3 - -e5d?
e61
In base 5, what is -10 + 102?
42
In base 12, what is 235 - -1?
236
In base 2, what is 100111 - 10?
100101
In base 2, what is -11001001011 - 11?
-11001001110
In base 8, what is 36 - 212?
-154
In base 10, what is -112 - 37?
-149
In base 10, what is -309 + -2?
-311
In base 4, what is -2 - -101?
33
In base 2, what is 1100000 - 101?
1011011
In base 13, what is -c - 37c?
-38b
In base 5, what is -10 + -220120?
-220130
In base 2, what is -101011100 - -11?
-101011001
In base 4, what is -103 + -22022?
-22131
In base 12, what is 21 - a4?
-83
In base 8, what is 34 + -7?
25
In base 10, what is 1 + 19?
20
In base 11, what is -144 - 1?
-145
In base 14, what is -137 + 4?
-133
In base 2, what is 11101001 + -100?
11100101
In base 9, what is -253 + 4?
-248
In base 6, what is 5 + 223?
232
In base 13, what is 5 - -19c?
1a4
In base 3, what is 12 - 11102?
-11020
In base 5, what is -1 + -20013?
-20014
In base 7, what is -15 - 1112?
-1130
In base 8, what is 2 - -11?
13
In base 10, what is 1008 - 25?
983
In base 13, what is -12 + 3?
-c
In base 10, what is 42 - 0?
42
In base 13, what is -36 + 333?
2ca
In base 12, what is 1 + -1905?
-1904
In base 4, what is -2 + 10320?
10312
In base 10, what is -536 - 1?
-537
In base 9, what is 21 - -27?
48
In base 2, what is -1101010 - -101?
-1100101
In base 12, what is 2 + 194?
196
In base 4, what is -2 - -302210?
302202
In base 9, what is 5 + 484?
500
In base 6, what is 3 - -4?
11
In base 3, what is -10021 + 120?
-2201
In base 14, what is 10 + -5?
9
In base 4, what is 10 - 112?
-102
In base 10, what is -3 + 300?
297
In base 6, what is -11 - 234?
-245
In base 6, what is -1 - -42444?
42443
In base 15, what is -776 - 2?
-778
In base 13, what is 330 - 5?
328
In base 8, what is -140 - 20?
-160
In base 15, what is 2 - 1?
1
In base 6, what is -14 + 1511?
1453
In base 7, what is -2 - -2624?
2622
In base 10, what is -697 + 6?
-691
In base 12, what is 1220 - a?
1212
In base 5, what is -13 + 141?
123
In base 3, what is 1 - 1212?
-1211
In base 6, what is -232131 - 2?
-232133
In base 13, what is -5 - 33?
-38
In base 13, what is 52 - -6?
58
In base 14, what is 1 - -16?
17
In base 12, what is 1b390 + 5?
1b395
In base 2, what is -100 - 100101100?
-100110000
In base 12, what is 5 + -233?
-22a
In base 13, what is 1 - 3?
-2
In base 5, what is -2 - -2041?
2034
In base 13, what is 3a - c4?
-87
In base 15, what is 134 + -5?
12e
In base 14, what is 4 + -64?
-60
In base 15, what is 3 + -2?
1
In base 6, what is 2 - 3545?
-3543
In base 3, what is -12 + 21?
2
In base 4, what is 10 + -1031?
-1021
In base 10, what is -23 + -320?
-343
In base 3, what is 0 + 1112012?
1112012
In base 11, what is -2 + -107?
-109
In base 8, what is 534 - 13?
521
In base 7, what is 5 + -63?
-55
In base 13, what is 52 - -8?
5a
In base 10, what is -4 - 1501?
-1505
In base 11, what is 31 - 0?
31
In base 15, what is 2c - -64?
91
In base 15, what is -4 - 23?
-27
In base 2, what is 1110111000101000 + 0?
1110111000101000
In base 3, what is 10 - 101021?
-101011
In base 6, what is -133 + 4?
-125
In base 16, what is -306 + 6?
-300
In base 9, what is -10027 - 5?
-10033
In base 8, what is -35 + -20?
-55
In base 8, what is 31 + -37?
-6
In base 4, what is 1 + -323?
-322
In base 7, what is 5 - -2020?
2025
In base 8, what is -116 + -2?
-120
In base 8, what is -30 + 17?
-11
In base 5, what is -4 - -120?
111
In base 6, what is -142 + 4?
-134
In base 2, what is 0 - -110010?
110010
In base 16, what is -f + -c?
-1b
In base 11, what is -2620 - 0?
-2620
In base 4, what is 12 - 3223?
-3211
In base 10, what is -22219 + -4?
-22223
In base 4, what is 111 + -121?
-10
In base 4, what is -10 - 32132?
-32202
In base 2, what is 10 - 100101110?
-100101100
In base 8, what is 4 + 30?
34
In base 10, what is -27 + 66?
39
In base 2, what is -1 + -1000000100011?
-1000000100100
In base 3, what is 11 + -1102011?
-1102000
In base 14, what is -2 + 194?
192
In base 10, what is -4967 + 0?
-4967
In base 7, what is 1114 - -32?
1146
In base 16, what is 176 + 4?
17a
In base 10, what is -42 + -345?
-387
In base 2, what is 100100011000110 + -1?
100100011000101
In base 10, what is -5 - -1990?
1985
In base 16, what is 7 - 50?
-49
In base 14, what is 1d - -3a?
59
In base 3, what is -12 - -121000?
120211
In base 15, what is -86 - -2?
-84
In base 15, what is -d1 + c?
-c4
In base 6, what is -2 + 125?
123
In base 12, what is -146 - 0?
-146
In base 13, what is 2671 + 0?
2671
In base 2, what is 11010 - 1001100?
-110010
In base 9, what is 2876 - 2?
2874
In base 16, what is -5d - 0?
-5d
In base 3, what is -101 - 22111?
-22212
In base 9, what is 7 + -21?
-13
In base 4, what is -11 + 103?
32
In base 13, what is 23 - 39?
-16
In base 5, what is 20 + 32?
102
In base 15, what is -2 - -446?
444
In base 4, what is 21 + 110?
131
In base 15, what is 16 - 2d?
-17
In base 7, what is 4 - 1120?
-1113
In base 9, what is -262 - 5?
-267
In base 3, what is 100 - 20?
10
In base 4, what is 1 + 13101?
13102
In base 11, what is -9122 - 3?
-9125
In base 11, what is 5a - -6?
65
In base 5, what is 10 - -3111?
3121
In base 2, what is 101100 - 101100?
0
In base 11, what is -2 - -449?
447
In base 6, what is -2150 + -3?
-2153
In base 4, what is -1221 - 11?
-1232
In base 5, what is -1 + -144?
-200
In base 12, what is 25 + -5?
20
In base 11, what is 5 + -24?
-1a
In base 9, what is -4 + 104?
100
In base 9, what is -8 + 12?
3
In base 16, what is 